 Let c(l) = 5*r(l) + 8*v(l). Give c(w).
-3
Let q(z) = -z**3 + 2*z**2 - z. Suppose 6*s = 5*s + 3. Suppose -s*u + 0 + 3 = 0. What is q(u)?
0
Let t(k) = k**3 - 6*k**2 + 3*k + 4. Suppose -2*j - j + 75 = 0. Suppose d + j = 6*d. What is t(d)?
-6
Let h(a) = 1 + 4*a + a**3 - 2 - 5*a**2 + 0*a. Let k be h(4). Let u(z) = -2*z + 1. Let y be u(k). Let s(g) = -g**3 + g**2 + 5*g - 3. What is s(y)?
-6
Let z(x) = -x**3 - 6*x**2 - 2*x + 7. Let f(v) = 2*v**3 + 12*v**2 + 5*v - 15. Let l(a) = -2*f(a) - 5*z(a). Give l(-6).
-5
Let q(j) = -j**3 + 6*j**2 - 4. Let d(w) = w**3 - 8*w**2 + 2*w - 10. Let r be d(8). Give q(r).
-4
Suppose -3*i = -5*r + 22, -2*i + 3*i + 4 = 0. Let h = -8 + 10. Let m(b) = -2 - b**r + 5*b - h - 1. Calculate m(5).
-5
Suppose -6 = 2*p, 37 - 4 = 3*j - 5*p. Suppose -5*m = -2*m - j. Let z be (m/4)/(5/(-50)). Let t(y) = y**2 + 4*y - 2. Calculate t(z).
3
Let o(g) = -g**2 + g + 3. Let u be o(0). Let h(a) = 4*a - 10 - a**2 + 4 + 4. Calculate h(u).
1
Let x(b) = 46*b - 91*b + 44*b + 7. What is x(5)?
2
Let x = 2 + -1. Let t(u) = 73 - u**3 - 73. Give t(x).
-1
Let t(q) = 2*q**2 + 1. Let o = 9 + -4. Let k = -2 + 5. Suppose k*j + 2 = o. Determine t(j).
3
Let r(g) = -3*g - 4. Let b(a) = 2*a + 4. Let m(t) = -6*b(t) - 5*r(t). Give m(3).
5
Let i(m) be the second derivative of -m**3/6 + 4*m**2 + m. Let a(h) = -h + 6. Let v be a(0). Calculate i(v).
2
Let n = 12 - 7. Suppose 4*l = 5*x + 13, 0 = -2*l + l - 4*x - 2. Let g(z) = 4 - l + 3*z - 5*z + z. Determine g(n).
-3
Let r be (1/((-3)/9))/(-1). Let h(f) = -3 + 3 + f**r + 3*f**2. Let a be 2/(-4*(-2)/(-12)). Give h(a).
0
Let b(l) = 31*l**3 - 3*l**2 - 20*l + 11. Let s(y) = 11*y**3 - y**2 - 7*y + 4. Let x(j) = 6*b(j) - 17*s(j). Determine x(-2).
4
Let h(q) = -3*q**3 - 6*q**2 + 3*q - 1. Let l(p) = -7*p**3 - 12*p**2 + 7*p - 2. Let v be (4 + 0)/(3 + -1). Let w(i) = v*l(i) - 5*h(i). Calculate w(-6).
7
Suppose 32 = -3*v - 13. Let s = -20 - v. Let a(z) = -z - 6. Determine a(s).
-1
Suppose -4 = 3*z + z. Let h(k) = -10*k - 1. Calculate h(z).
9
Let m(x) = 8*x. Let d be m(4). Let l(y) be the first derivative of 32*y + y**2 - d*y + 2. Calculate l(-4).
-8
Let w(k) = 4*k**3 + k**2 - 1. Let d be w(-1). Let s(t) = t**2 + 3*t - 5. Determine s(d).
-1
Let u(g) = -3*g**2 - 4*g - 2. Let q be u(-2). Let v(p) = p**2 - p - 1. Let b(x) = -x**3 - 6*x**2 + 8*x + 6. Let l(z) = -b(z) - v(z). Determine l(q).
1
Let i(t) = -t**3 - 5*t**2 + t - 1. Let p = -16 + 19. Let h be ((-1)/p)/((-2)/(-30)). Give i(h).
-6
Let p(o) = 2*o**2 - 2*o - 1. Let c(i) = -i**3 - 12*i**2 - 9*i + 20. Let r be c(-11). What is p(r)?
11
Let v(s) = -s**3 + 4*s**2 - 5*s. Let z(a) = -2*a**3 + 5*a**2 - 6*a. Let j(c) = -6*v(c) + 5*z(c). Let o be j(-1). Let d(l) = -3*l + 4*l - 4 + 3. What is d(o)?
4
Let y(d) = 2*d + 9. Let b(r) = r + 5. Let s(q) = 5*b(q) - 3*y(q). Calculate s(-5).
3
Let s(h) = -h**2 - 6*h - 3. Suppose -16 = 28*r - 24*r. What is s(r)?
5
Let s be (-6)/9 + 12/(-9). Let g(u) = 3*u**3 + u**2 + 4*u + 9. Let r(n) = n**3 + 2*n + 4. Let t(c) = 2*g(c) - 5*r(c). Calculate t(s).
2
Let w(x) = x**3 - 9*x**2 - 9*x - 14. Let k be (-7 - -2)/(8/(-16)). What is w(k)?
-4
Let i(d) = d**3 - 8*d**2 - 10*d + 12. Let m = -13 - -22. Determine i(m).
3
Let o be ((-15)/(-10))/(6/16). Let r be ((-20)/(-15))/((-2)/(-6)). Let n(c) = -3*c**2 + 0 + 3 + r*c**2 - 6*c. Determine n(o).
-5
Suppose -3*p - 2 = -p. Let k be p + (1 - (-3 + -1)). Let r(a) = -k*a - a**3 - 5 + 2*a + 9 - 5*a**2. What is r(-3)?
-8
Let f = -11 + 17. Let o(i) = i - 10. Calculate o(f).
-4
Let g = -26 - -31. Let t(k) = -k**3 + 6*k**2 - 6*k - 1. Give t(g).
-6
Suppose 0 = -8*s + 4*s + 16. Let b(z) = z - 3. Calculate b(s).
1
Let k(f) be the third derivative of 1/15*f**5 - 4*f**2 + 0*f - 1/6*f**3 + 1/120*f**6 + 0 - 1/24*f**4. Determine k(-4).
3
Let m be 2/(-2) - (1 - 2). Let z(d) = -2*d. Let y(k) = k. Let f(h) = -y(h) - z(h). Let r(p) = p**2 + 5*p + 7. Let a(u) = 6*f(u) - r(u). Give a(m).
-7
Suppose -2*y + 10 = 22. Let f(w) = -w**3 - 7*w**2 - 6*w - 2. Calculate f(y).
-2
Let a(r) = 6*r**2 - r. Let f be a(1). Suppose l - f*c - 3 = 0, -2*l + 4 + 2 = 2*c. Let p(t) = l*t - 11*t - 2 + 1. What is p(-1)?
7
Let w(g) be the third derivative of 1/120*g**6 + 0*g + 1/8*g**4 - 1/10*g**5 + 0 + 7/6*g**3 + 4*g**2. What is w(5)?
-3
Let m(h) = 7*h**3 - 5*h**2 - 15*h - 5. Let i(s) = -4*s**3 + 2*s**2 + 8*s + 3. Let a(j) = -5*i(j) - 3*m(j). What is a(6)?
-6
Let j(u) = -4 + 3*u - 2 + 3 + 6. Calculate j(-2).
-3
Let r(m) = -m. Let f(x) = 3*x + 1. Let c(k) = f(k) + 5*r(k). Give c(6).
-11
Suppose 0 = -4*i + 5*n - 4, 0 = 5*i - 2*n - 5 + 10. Let t(p) = 9*p. Give t(i).
-9
Let l(q) = -2*q + 4. Let f be 6/(-39) + (-80)/(-13). Let o(j) = -3*j + 5. Let m(p) = f*l(p) - 5*o(p). Determine m(-1).
-4
Let g(m) be the second derivative of m**5/20 - m**4/3 - 5*m**3/6 - 5*m**2/2 + 7*m. Calculate g(5).
-5
Let j be -1 - -6*(-12)/(-18). Let d(n) = -n - 1. Calculate d(j).
-4
Let d(g) be the third derivative of -g**5/60 - g**4/8 + g**3/2 + g**2. Suppose 5*y + o + 8 = 4*o, 0 = y + 3*o + 16. Determine d(y).
-1
Let o(c) = -c**2 - 6*c - 6. Let x(l) = -3*l**2 - 18*l - 19. Suppose -1 - 3 = -2*b. Let y(g) = b*x(g) - 7*o(g). Suppose -f - 5 = -0*f. Calculate y(f).
-1
Let x(m) = 383*m - 384*m + 4 - 1. Calculate x(6).
-3
Let q(d) = 3*d**3 + 4*d**2 - d - 3. Let t(z) = z**3 + z**2 - 1. Let m(s) = -q(s) + 4*t(s). Give m(2).
9
Suppose -n + 2*n - 2 = 0. Let r(o) = 2*o**2. Let t(d) = -4*d**2 + d - 1. Let x(l) = 5*r(l) + 3*t(l). What is x(n)?
-5
Let g be (-2)/(-11) - (-60)/33. Let c(m) = -2*m**3 + 3*m**2 - 2*m - 2. Give c(g).
-10
Let c(a) = -a. Suppose -4*v + 20 = 5*f, 2*v + f + 16 = 5*f. Calculate c(v).
0
Suppose -2*c = 3*c. Let i(m) be the first derivative of -m**4/4 - m**3/3 - m**2/2 - 3*m - 4. Determine i(c).
-3
Let a(x) = -6*x**2 + 1. Let v(n) = n**2 - n + 1. Let u(j) = a(j) + 5*v(j). Calculate u(-5).
6
Let p(k) = -2*k**3 + k**2 + k + 2. Let i = -2 + 0. Let g be (4/5)/(2/(-10)). Let y = i - g. Give p(y).
-8
Let a(g) = -39*g - 2*g**2 + 5 + g**2 + 39*g. Give a(0).
5
Let u(x) = -2*x - 2. Let h be u(-3). Let r(p) be the first derivative of p**4/4 - p**3 - 5*p**2/2 + 4*p + 2. Determine r(h).
0
Let a(b) = 6*b - 3. Let s(p) = -7*p + 3. Let t(g) = 6*a(g) + 5*s(g). Give t(2).
-1
Let i = -3 + 5. Let p(c) = 4*c + 1. Let b(k) be the first derivative of -5*k**2/2 - k + 3. Let h(j) = -2*b(j) - 3*p(j). Calculate h(i).
-5
Let y = 1 - -4. Let i(j) = 2*j - 2 - j**2 + 1 + y. What is i(3)?
1
Let o(i) = 2*i**2 - 5 - 1 + 2*i - 8*i. Let v(u) be the first derivative of 2*u**3/3 - 5*u**2/2 - 5*u + 1. Let z(r) = 5*o(r) - 6*v(r). Determine z(-1).
-2
Suppose 3 = k - 2. Let b(n) = 10*n**2 + 4*n + 5. Let s(u) = 9*u**2 + 3*u + 4. Let y(l) = k*s(l) - 4*b(l). Calculate y(1).
4
Let q be 1/(-4) - (-15)/12. Let n(s) = -2 - 4 - q - 2*s + 1. Calculate n(-4).
2
Let n(h) = -4*h**2 - 4. Let z(p) = -7*p**2 - 8. Let c(a) = -5*n(a) + 3*z(a). Determine c(0).
-4
Let u(i) = -i**3. Let b(w) = 7*w**3 - 6*w**2 + w - 2. Let v(x) = b(x) + 6*u(x). Suppose 0 = -l - 0 + 6. Calculate v(l).
4
Let g(b) be the third derivative of b**4/24 - b**3/6 + 24*b**2 - 2*b. Suppose -3*t + 0*t + 12 = 0. Suppose -t*y = -2*m - 2, 8*y - m - 10 = 3*y. What is g(y)?
2
Let f(x) be the first derivative of -x**4/4 + x**3 + x**2 - 3*x - 14. Determine f(4).
-11
Let j(v) = -v**3 - 2*v**2 + 1. Suppose 2*c - 5*d = 7*c + 10, -4*c + 2*d = 8. Give j(c).
1
Let h(y) = -y**3 - y**2 - 1. Let w be ((-40)/32)/((-2)/8). Let k(s) = -12*s**3 - 4*s**2 - 5. Let n(f) = w*h(f) - k(f). Determine n(-1).
-8
Suppose 0*h + 16 = -4*h. Let w = h + 8. Let o(p) = -3 + 1 + 5 - p. Calculate o(w).
-1
Suppose 24 = 4*y + 2*s, -s = -5*y - 4*s + 30. Let l(b) = -b**2 + 6*b. Calculate l(y).
0
Let x(g) = -g. Let i(h) = h + 5. Suppose 0 = 4*k - 9*k - 25. Let q be i(k). Give x(q).
0
Let g(q) = -q**2 + q + 5. Let b(t) be the second derivative of -t**5/20 - t**4/6 + t**3/3 + t**2/2 + 4*t. Let a be b(-3). What is g(a)?
-7
Let s(m) = -4*m + 3. Let u(a) = 20*a - 15. Let c(v) = 11*s(v) + 2*u(v). What is c(5)?
-17
Let v(a) = -18*a**2 - 8 - 4*a + 2 + 19*a**2. Calculate v(6).
6
Let w(y) = -5*y**2 - y + 4. Let m(q) = -6*q**2 - 2*q + 5. Let f(a) = -3*m(a) + 4*w(a). Determine f(-1).
-3
Let j(m) = -3 + 0*m**2 + 3*m + 4*m**3 + 0*m**3 - 5*m**2 - 3*m**3. Suppose -20 = -5*n - 0*n. What is j(n)?
-7
Let b be (3/(-6))/(8/16). Let i(l)